-2).
15
Let s(f) = -20*f**3 + 82*f**2 + 12*f - 39. Determine s(6).
-1335
Let l(b) = 12*b**3 - 170*b**2 - 153*b + 2006. Determine l(14).
-528
Let n(m) = -13*m**3 - 235*m**2 + 1467*m + 76. Determine n(5).
-89
Let i(r) = r**3 - 7*r**2 - 271*r + 71. What is i(-14)?
-251
Let t(n) = 3776*n - 706104. Determine t(187).
8
Let a(f) = -2271*f - 163419. What is a(-72)?
93
Let w(x) = x**3 - 38*x**2 + 170*x + 469. Calculate w(32).
-235
Let t(i) = 21*i**2 + 394*i + 1748. What is t(-7)?
19
Let n(t) = 337*t + 2491. What is n(-8)?
-205
Let r(h) = h**3 - 30*h**2 - 641*h + 5697. Determine r(42).
-57
Let v(f) = -59632*f + 298130. Calculate v(5).
-30
Let z(b) = -323*b + 9978. Calculate z(31).
-35
Let x(q) = 3723*q + 33475. What is x(-9)?
-32
Let z(k) = 2*k**2 - 129*k - 2492. What is z(80)?
-12
Let m(y) = -795*y**2 - 1253711*y + 6307. Calculate m(-1577).
-1
Let t(q) = 35977*q**2 + 251862*q + 159. Determine t(-7).
-2
Let r(z) = 27822*z + 55646. Determine r(-2).
2
Let l(g) = 2*g**3 + 4*g**2 + 56*g + 1203. Give l(-8).
-13
Let o(y) = -24*y**2 + 2713*y + 93. Calculate o(113).
206
Let y(n) = n**3 - 26*n**2 + 1671*n - 45850. Calculate y(27).
-4
Let j(d) = -352*d + 11951. Calculate j(34).
-17
Let g(v) = 33676*v - 33665. Give g(1).
11
Let x(o) = o**3 - 58*o**2 - 195*o + 692. Give x(61).
-40
Let x(r) = -2765*r - 174196. Calculate x(-63).
-1
Let z(l) = -36699*l - 147731. Determine z(-4).
-935
Let a(b) = 30*b - 19. Give a(28).
821
Let l(v) = v + 1592. Give l(-9).
1583
Let r(u) = -u**2 - 7054*u + 198312. Calculate r(28).
16
Let w(o) = -2*o**3 - 422*o**2 + 5341*o - 2579. Determine w(-223).
-126
Let y(j) = 13464*j - 7472514. Give y(555).
6
Let k(p) = p**2 + 86*p - 4670. Give k(37).
-119
Let d(o) = -40*o**2 + 3159*o + 73. Determine d(79).
-6
Let x(n) = -254565*n + 1018196. Determine x(4).
-64
Let d(y) = 2*y**2 + 1737*y + 28959. What is d(-17)?
8
Let n(w) = 43*w**2 + 325*w + 85. Calculate n(-7).
-83
Let i(t) = -73*t**3 - 4*t**2 + 1154*t - 1151. Give i(1).
-74
Let p(t) = 26*t**3 + 495*t**2 - 8*t - 630. Give p(-19).
-117
Let i(x) = -3*x**2 + 87*x + 2904. Calculate i(-21).
-246
Let l(v) = -1086*v - 576396. What is l(-530)?
-816
Let g(x) = 10*x**3 + 500*x**2 + 491*x + 41. Calculate g(-49).
-8
Let j(m) = 451*m**3 - 4*m**2 + 87*m - 84. Calculate j(1).
450
Let t(s) = -7*s**2 + 22925*s + 137795. What is t(-6)?
-7
Let i(d) = -371*d**3 - 4087*d**2 - 66*d - 21. Calculate i(-11).
-21
Let g(p) = p**2 - 438*p + 43909. What is g(283)?
44
Let y(m) = -78*m**2 - 2570*m + 59. Give y(-33).
-73
Let n(w) = -7*w**3 - 4*w**2 + 29040*w - 29037. Determine n(1).
-8
Let o(z) = -5*z**2 + 470*z - 4627. Give o(83).
-62
Let r(n) = 200*n**2 - 1599*n - 9544. Determine r(-6).
7250
Let s(i) = 16399*i - 16396. Determine s(1).
3
Let p(u) = -299*u + 5895. Give p(15).
1410
Let k(r) = -5*r**2 + 2530*r + 185580. Give k(-65).
5
Let s(n) = 402*n - 34830. Give s(87).
144
Let n(r) = -70*r**3 + 2292*r**2 + 589*r + 146. Determine n(33).
-19
Let h(f) = -6*f**3 - 7*f**2 - 8*f + 107. Determine h(4).
-421
Let v(j) = 4118*j - 452992. Determine v(110).
-12
Let n(a) = 568341*a + 2841710. Calculate n(-5).
5
Let m(p) = 78*p**2 + 131*p - 46. Give m(-2).
4
Let h(q) = -q**3 + 47*q**2 + 1347*q - 62356. Give h(48).
-4
Let s(c) = -1588781*c - 1588776. Calculate s(-1).
5
Let j(s) = -3*s**3 - 96*s**2 - 18*s - 401. Calculate j(-33).
3460
Let h(w) = -227*w**3 + 2673*w**2 + 579*w + 16. Determine h(12).
-380
Let b(y) = -y**3 - 117*y**2 + 65*y - 20523. Calculate b(-119).
64
Let x(z) = -25*z - 1353. Determine x(-58).
97
Let d(y) = y**3 + 204*y**2 - 3021*y - 233. What is d(14)?
201
Let d(m) = 438*m + 4887. Calculate d(-11).
69
Let p(l) = -l**3 - 61*l**2 + 589*l + 2544. Determine p(-69).
-9
Let y(z) = -z**3 - 51*z**2 + 5072*z + 2160. Give y(-101).
-62
Let c(i) = 4382*i + 39216. Determine c(-9).
-222
Let a(g) = -2555*g - 12918. Determine a(-5).
-143
Let y(x) = 5*x**3 - 870*x**2 + 849*x - 399. Calculate y(173).
-3167
Let v(n) = 1449919*n + 4349755. Calculate v(-3).
-2
Let r(k) = -2*k**3 - 53*k**2 - 241*k + 51. Give r(-20).
-329
Let c(p) = 2*p**3 - 348*p**2 - 6505*p - 193. Calculate c(-17).
-6
Let y(o) = 2*o**3 - 159*o**2 + 1495*o + 87. Give y(11).
-45
Let v(z) = -147760*z - 591041. Calculate v(-4).
-1
Let b(x) = -x**2 + 246*x - 11326. What is b(184)?
82
Let n(x) = 6*x**2 + 601*x - 469. Give n(-101).
36
Let c(g) = g**3 - 43*g**2 - 144*g - 1570. Calculate c(47).
498
Let p(g) = -g**3 + 39*g**2 + 27*g - 891. What is p(39)?
162
Let o(w) = 9*w**3 + 9*w**2 - 555*w - 2799. Determine o(-5).
-924
Let p(v) = -9*v**2 + 933*v - 5559. Calculate p(6).
-285
Let j(s) = -5031*s**2 - 7171*s + 7171. Calculate j(1).
-5031
Let i(o) = -191*o + 2561. What is i(12)?
269
Let w(s) = -82*s**3 - 902*s**2 - 311*s - 3423. Calculate w(-11).
-2
Let y(v) = -114*v - 10209. What is y(-91)?
165
Let l(q) = q**3 + 7*q**2 + 70*q + 460. Give l(-7).
-30
Let s(x) = -994*x**2 + 2928*x + 157. Give s(3).
-5
Let o(n) = -78*n**2 - 32*n + 10. Determine o(-4).
-1110
Let h(j) = 2*j**3 - 2*j**2 - 164*j + 441. Give h(9).
261
Let t(n) = -4*n**2 + 19*n + 9. What is t(8)?
-95
Let s(g) = -239*g - 842. Calculate s(0).
-842
Let n(f) = -51*f**2 - 4845*f + 33. What is n(-95)?
33
Let n(o) = -18845*o + 169353. What is n(9)?
-252
Let l(c) = 2*c**3 - 16*c**2 + 70*c - 1112. Calculate l(10).
-12
Let x(i) = 57*i**2 - 4886*i - 1399. Determine x(86).
-23
Let u(a) = -3*a**2 + 19*a + 6778. Give u(53).
-642
Let o(x) = 7*x**2 - 1202*x - 6186. What is o(-5)?
-1
Let t(b) = 2372*b - 47036. Give t(20).
404
Let l(u) = 7*u**2 + 363*u - 1647. Calculate l(-56).
-23
Let x(w) = 1880*w - 90253. Calculate x(48).
-13
Let m(p) = 12060*p - 289447. Give m(24).
-7
Let r(o) = 10*o**2 + 3492*o + 13955. What is r(-4)?
147
Let s(b) = -2*b**3 + 12*b**2 + 120*b - 1015. Determine s(6).
-295
Let s(g) = -2926*g + 46754. What is s(16)?
-62
Let y(v) = 19*v**2 - 12563*v - 22492. Determine y(663).
50
Let n(t) = -t**2 + 670*t + 26917. Determine n(-38).
13
Let k(z) = -10730*z - 450635. Give k(-42).
25
Let z(w) = 1295*w - 247161. Give z(191).
184
Let h(w) = 7700*w + 615830. Calculate h(-80).
-170
Let g(p) = -5*p**2 - 2279*p + 30443. What is g(13)?
-29
Let i(s) = 9*s**3 - 5104*s**2 + 745*s - 100928. Calculate i(567).
-2
Let i(c) = 52428*c - 2568963. What is i(49)?
9
Let n(s) = -16911*s + 338261. Give n(20).
41
Let p(f) = -2*f**3 - 398*f**2 - 791*f - 565. Give p(-197).
26
Let f(j) = 445079*j - 1335233. Calculate f(3).
4
Let j(y) = 4*y + 368. What is j(19)?
444
Let m(v) = 1418336*v - 4255011. Determine m(3).
-3
Let q(d) = -437*d**3 - 13981*d**2 + 104*d + 296. Give q(-32).
40
Let l(m) = -7*m**2 + 1509*m + 3010. Determine l(-2).
-36
Let c(i) = -3*i**2 + 1504*i - 118582. Determine c(98).
-2
Let p(x) = -120817*x - 483277. What is p(-4)?
-9
Let u(h) = -1123*h - 7356. Calculate u(-10).
3874
Let x(b) = -6*b**2 + 251*b - 1978. Determine x(20).
642
Let l(h) = -117*h**2 - 1620*h - 1622. Calculate l(-1).
-119
Let x(s) = 1099*s - 349465. Give x(318).
17
Let p(l) = -968*l - 10232. Determine p(-11).
416
Let j(b) = 3*b**3 - 44*b**2 + 77*b - 26. What is j(13)?
130
Let g(b) = -7*b**2 + 56*b - 3. Give g(12).
-339
Let u(f) = -111562*f - 892479. What is u(-8)?
17
Let h(k) = 11*k**3 + 26*k**2 + 115*k + 217. Calculate h(-2).
3
Let q(j) = -j**3 - 428*j**2 + 2144*j - 9189. What is q(-433)?
-96
Let k(a) = 12539*a - 37535. Give k(3).
82
Let u(y) = -1820*y - 1038920. Give u(-571).
300
Let u(f) = 6*f**2 - 26903*f + 214926. Give u(8).
86
Let o(m) = -m**2 - 103*m - 2569. Give o(-59).
27
Let i(r) = 113*r + 10558. Determine i(-92).
162
Let w(z) = z**2 + 3489*z - 234626. Determine w(66).
4
Let a(f) = 56*f - 124. Calculate a(-3).
-292
Let x(g) = -2*g**2 + 37*g + 695. What is x(-23)?
-1214
Let o(k) = k**2 + 741*k + 129955. Give o(-456).
-5
Let n(l) = -5583*l - 55342. Give n(-10).
488
Let n(v) = -1773*v - 67366. Give n(-38).
8
Let k(u) = -2533*u + 43101. What is k(17)?
40
Let k(q) = -3*q**2 + 1176*q - 2387. Calculate k(390).
-47
Let q(b) = 21589*b - 3108812. Give q(144).
4
Let v(g) = g**3 - 10*g**2 - 48*g + 254. Give v(14).
366
Let r(k) = 4440*k - 8818. Calculate r(2).
62
Let m(t) = -30*t - 755. Calculate m(-19).
-185
Let o(c) = -831*c**3 - 48207*c**2 - 507*c + 876. What is o(-58)?
6
Let a(d) = d**3 + 81*d**2 - 4379*d - 458. Calculate a(-118).
1076
Let s(z) = -z**2 - 18634*z - 1742753. Calculat